v*p. Suppose 4*d - 5*z + 2 = 0, 5*d - 4*z + 0 - 2 = p. Let h(u) = -u + 1. Determine h(d).
-1
Let q(l) = l**3 - 15*l**2 + 1492 - 1486 + l**2. Give q(14).
6
Let a(j) = -j. Let n be a(2). Let u = n + 4. Let t(g) be the second derivative of -g**3/2 - g**2/2 + 9*g + 2. Determine t(u).
-7
Let m(q) be the second derivative of -q**5/20 + q**3/6 + q**2/2 + 13*q. Let p(w) = -3*w**3 - 5*w**2 + 5*w. Let v(u) = -4*m(u) + p(u). Determine v(5).
1
Let r(a) = -a**3 + 8*a**2 - 3*a. Let b be r(5). Let g(n) = -68*n + b*n - 1 + n**2 + 5. What is g(8)?
4
Let z(j) = -j. Let m(i) = -2*i**2 + 9*i + 2. Let a(x) = -3*x**2 + 17*x + 5. Let p(k) = 3*a(k) - 5*m(k). Let v be p(-6). What is z(v)?
-5
Let z be ((-5)/((-45)/207))/5 + (-4)/(-10). Let o(u) = 11*u**2 + 17*u + 7. Let y(b) = -5*b**2 - 8*b - 3. Let j(f) = 6*o(f) + 13*y(f). Determine j(z).
18
Let b(s) be the third derivative of -s**4/24 + 7*s**3/2 - s**2 - 267*s. Suppose 0 = -3*l - l. What is b(l)?
21
Let d(r) = 17*r**2 - 2*r + 460 + r - 18*r**2 - 461. Suppose -4*p = p - 30. Let h be (-3 + 4)/((-2)/p). Determine d(h).
-7
Let s(v) = v**3 - 17*v**2 + 15*v + 19. Let b be 2/5 - 936/(-60). What is s(b)?
3
Suppose 0 = 2*k - w - 0*w - 6, 2*w = -k - 2. Let s(j) = 0*j - 2*j + k*j + j + 8. Suppose 4*r = -39 + 63. Determine s(r).
14
Let y(t) = t**2 - 5*t + 1. Let f be 18 - (0/1 - -3). Suppose -m - 4*m + f = 0. Suppose 0 = -2*o - m*o + 30. Determine y(o).
7
Let d(j) = -1 + 2*j - 3*j**2 + 2*j**2 + 2*j**2 + 3. Let g be d(-2). Suppose 2*f + 2*m - 10 = 0, 12 = -2*f + 3*m + g. Let y(z) = -9*z**2 + z - 1. Determine y(f).
-9
Let v = -1034 - -1036. Let p(k) = -14*k**2 - 6*k - 20. Let a(o) = -5*o**2 - 2*o - 7. Let b(t) = 17*a(t) - 6*p(t). What is b(v)?
1
Let p(j) = 2*j**2 - 16*j + 7. Let n be p(7). Let y(l) = -3*l**2 + 23*l + 9. Let v(b) = -2*b**2 + 12*b + 4. Let h(k) = 5*v(k) - 3*y(k). Determine h(n).
7
Let r(l) be the third derivative of l**6/120 - 3*l**5/20 - 5*l**4/12 - 7*l**3/6 + 6*l**2. What is r(10)?
-7
Suppose 0 = -11*g + 16*g - 10. Let x(y) = -y - 9*y + 9*y - 2*y**g - 4*y - 2. Calculate x(-4).
-14
Let l(t) be the first derivative of 2*t**3/3 + 2*t**2 - 3*t + 67. Let u = -17 - -5. Let q = u - -8. Calculate l(q).
13
Let l(m) = 12*m**2 + m - 2*m**2 - 3 - 5*m**2 + 2*m**2 - 12*m**2. Give l(2).
-21
Let v(t) = -43 + 5*t + 62 - 14. What is v(-8)?
-35
Let p = -11 - -17. Suppose 9 = j - p*j - t, -3*j + 3*t - 9 = 0. Let x(a) = 10*a + 3. Let v(m) = -9*m - 3. Let c(q) = 6*v(q) + 5*x(q). Give c(j).
5
Let t be 8/12*(-11 - -17). Let n(d) be the second derivative of 0 + 1/12*d**4 + 0*d**2 + 2*d - 1/6*d**3. Determine n(t).
12
Let s(z) be the second derivative of z**4/12 - z**3/6 + z**2 - 10*z. Suppose 8 = -2*l - 0*b - 2*b, -4*l - 16 = -5*b. Let p be (-5 - l)*(1 + -1). What is s(p)?
2
Let j(x) = -3*x - 20. Let f be j(-15). Let v = 26 - f. Let i(m) = -5*m + 1. Calculate i(v).
-4
Let l(s) = -s + 1. Let y(p) = p. Let g(d) = 7*l(d) + 6*y(d). Give g(3).
4
Suppose 5*x = -4*s - 26, 3*s = -8*x + 3*x - 22. Let n = -1 + x. Let l(w) = 3*w - 8. Let i(z) = -z + 1. Let j(f) = 5*i(f) + l(f). Calculate j(n).
3
Let f = -2 - -5. Let k(d) = -5*d**3 + 5*d**3 - 2*d + f*d**2 - 2 - d**3. Suppose 2*g - 5 = -1. What is k(g)?
-2
Suppose -4*a + 2*t - 54 = 0, 7*t = 4*t - 15. Let o = 14 + a. Let x(c) be the second derivative of -c**4/12 - c**3/2 - c**2 + 2*c. Calculate x(o).
0
Let a(v) = v + 1. Let k be 15/2*(-4)/(-2). Let m(f) = -f**3 - 6*f**2 - 5*f + 2. Let l be m(-4). Let p = l + k. Determine a(p).
6
Let f(h) = 4*h - 1. Let b(y) = -y**2 - 6*y + 6. Let j be b(-6). Let c be (20/j)/((56/(-12))/7). Determine f(c).
-21
Let t(u) be the third derivative of -u**6/120 - u**5/12 - u**4/6 - 2*u**3/3 + u**2 + 27. Let k be 1 + (-3)/((-9)/6). Suppose w - 8 = k*w. Give t(w).
-4
Let t(o) = 3*o - 2. Let k be -2*((-4)/10 + 60/25). Give t(k).
-14
Let w(r) = 17*r**2 - 4 + 2*r + 2 - 37*r**2 + 21*r**2. Determine w(2).
6
Let x be ((1 - 0) + -6)/(-6). Let w(z) be the second derivative of 0 + 1/2*z**4 - 4*z + 1/20*z**5 + 3/2*z**2 + x*z**3. What is w(-5)?
3
Let t(w) be the third derivative of -w**5/60 + w**4/8 - w**3/3 + 6*w**2. Suppose -8 = -s - 3*s. What is t(s)?
0
Suppose 0*d = 3*d. Suppose d = -5*p - 20, 4*q - 3*q = 4*p + 4. Let y = -16 - q. Let a(i) = -2*i - 4. What is a(y)?
4
Let r(c) = c**3 - 9*c**2 + 7*c + 8. Suppose 5*p - 24 = 3*o, 0 = p + 2*p - 3*o - 12. Suppose 28 = 3*v + 2*u, -3*v + p*v - 26 = -u. What is r(v)?
0
Let k(c) = -2*c - 45. Let g be k(-24). Let x(o) = o**g + 6*o**2 - 17 - 2*o + 13 - 2. What is x(-6)?
6
Let f(s) = -s**2 + 10*s - 4. Let v be f(9). Let j(p) = 0 - 10 + v - p**2 + 9*p + 4. Give j(8).
7
Suppose -34*r + 700 = 16*r. Let i(k) = -2*k + 13. Determine i(r).
-15
Let i be 4/6*(-9)/(-4)*6. Let n(u) = u - 15. Calculate n(i).
-6
Let z(o) = 2*o + 8. Suppose 3 = 3*v + 6. Let h be 2 - (2 - v) - -29. Suppose p = m - 5, 4*p + 0 + h = -4*m. Give z(p).
-4
Suppose u + 14 = 3*u. Let k(p) = -1 + 3*p + 2 - 2 + u. Let i be k(-4). Let r(a) = -a - 1. Determine r(i).
5
Suppose -5*i = -10*i - d + 4, -4*d = -4*i + 8. Let w(s) = -i + 8 + 4 - s. Calculate w(9).
2
Suppose 0 = 5*u + 4*s - 30, -3*u + 2 = -s + 1. Let q(w) = -u + 347*w + w**2 + 3*w**3 - 2*w**3 + 8 - 346*w. Calculate q(0).
6
Let l(q) = 23*q**3 + q**2 - 2*q + 19. Let w(f) = -50*f**3 - 4*f**2 + 3*f - 37. Let m(i) = 13*l(i) + 6*w(i). Calculate m(-10).
5
Let b(x) = 22*x**2 + x - x**2 - 23*x**2 + x**3 + 2. Let i = 2 + 0. What is b(i)?
4
Let b(i) = 3*i**2 - 2*i**2 - 3*i - 2*i + 5 + 4*i + 6*i. Give b(-5).
5
Let r(t) be the first derivative of -1/2*t**2 + 1/3*t**3 - 3*t - 1/12*t**4 + 1. Let u(g) be the first derivative of r(g). Calculate u(3).
-4
Let n(b) = -1 - 3*b**2 + 4*b**2 + b**3 - 2*b + b**3. Suppose 2*a = -4*o + 28, -4*a = -0*a + 3*o - 51. Suppose -s + 22 = -a*s. Calculate n(s).
-9
Let p be 4 - (-1 + 0 + 2). Let w be (-3)/(-15) + (-19)/(-5). Let t(x) = -1 + 4*x**2 - w*x**2 + x**2 - 3*x. Determine t(p).
-1
Let g be -3*6/12*4/(-6). Let h(t) = -12*t**2 + 2*t + 2. Let u(d) = -156*d**2 + 27*d + 27. Let r(b) = -27*h(b) + 2*u(b). Determine r(g).
12
Suppose 36 = 2*d - 0*d. Let b = 19 - d. Let n(q) = -4*q**2 - q + 1. Calculate n(b).
-4
Suppose 0 = 29*g + 9 + 20. Let f(r) = -66*r**3 + 2*r**2 + 2*r + 1. Calculate f(g).
67
Let w = 57 + -55. Let x(r) = 4 + 774*r**2 - 1 + w*r - 775*r**2. Calculate x(-2).
-5
Suppose -5*b - 38 = -13, -1 = 3*f - 4*b. Let u(l) = -l**3 - 7*l**2 - l + 8. Let n be u(f). Suppose 3 = 4*r + n. Let q(h) = -h**2 - 4*h - 1. What is q(r)?
2
Let g(s) = 2*s**2 + 4*s**3 + 1 - 1. Let c(q) = -q**3 - q**2. Let x(b) = -3*c(b) - g(b). Suppose -1 + 11 = 4*t - 2*o, o = -3*t + 5. Determine x(t).
-4
Suppose 7*r + 62 - 111 = 0. Let z(t) = t - 4. Calculate z(r).
3
Let g(r) be the second derivative of r**4/12 - 5*r**3/6 + 5*r**2/2 - r + 9. Let h be (-9)/(-2) + (-4)/(-8). What is g(h)?
5
Let h(q) be the third derivative of -q**6/30 - q**5/60 - 5*q**3/6 + 6*q**2. Let f(d) = -7*d**3 - d**2 + d - 9. Let c(g) = -3*f(g) + 5*h(g). What is c(3)?
2
Let x(d) = 5*d**3 - d**2 + 2*d - 2. Let p be x(1). Let b(l) = l + 6. Let n(t) = t + 1. Let w(k) = -b(k) + 5*n(k). Give w(p).
15
Let t(n) be the first derivative of -n**2/2 - 30*n + 135. Determine t(0).
-30
Let m(x) = 4*x**2 - x - 2. Let r be m(2). Let o(i) = -i + 11. Determine o(r).
-1
Let v(a) be the first derivative of -a**3/3 - 5*a**2/2 + 6*a - 1742. Let y(n) = 2*n + n**2 + n + 4 - 10*n. Let u be y(5). Give v(u).
0
Let p(u) = -37*u + 18*u + 17*u. Let v(i) = 10*i + 6. Let o(y) = -3*p(y) - v(y). Calculate o(-5).
14
Let c = 99 + -93. Let q(a) = a + 5*a**2 - 2*a**2 - 2*a**2 + 5 - 9*a. Determine q(c).
-7
Let v = 108 + -123. Let w = 18 + v. Let o(k) = k + 3. What is o(w)?
6
Let v(m) = 8*m**3 - 2*m**2 + 3*m. Let b be v(1). Let s(t) = -t**3 + 10*t**2 - 8*t - 5. Give s(b).
4
Let a(f) = -f**3 + 9*f**2 - 11*f - 17. Let o be a(7). Let d be (-5 - ((-15)/3 + o))*-1. Let m(k) = -5*k - 1. Give m(d).
-21
Let o(g) = -g**2 + 6*g + 1. Let s(z) = -z + 5. Let c be s(19). Let j(t) = t. Let h(u) = c*j(u) + 2*o(u). Calculate h(-4).
-22
Let i(h) be the third derivative of h**4/6 - h**3/6 + 2*h**2 - 22. Calculate i(1).
3
Let d(p) = 7*p + 9. Let q be 4/26 - (-1209)/(-169). What is d(q)?
-40
Let n(t) = t**2 - 9*t - 13. Let w be (-10*5/(-125))/((-1)/(-10)). Suppose -w*m = 4, 9 = 5*x - m - 37. Calculate n(x).
-13
Suppose 4 = w - 1. 